ed by 541.
11
What is the remainder when 29092 is divided by 1936?
52
What is the remainder when 13796 is divided by 4598?
2
Calculate the remainder when 1070 is divided by 54.
44
Calculate the remainder when 137056 is divided by 59.
58
What is the remainder when 6731 is divided by 293?
285
What is the remainder when 185020 is divided by 61664?
28
What is the remainder when 53854 is divided by 396?
394
What is the remainder when 1133 is divided by 288?
269
Calculate the remainder when 9964 is divided by 3107.
643
Calculate the remainder when 8286 is divided by 213.
192
Calculate the remainder when 20542 is divided by 49.
11
What is the remainder when 4843 is divided by 214?
135
Calculate the remainder when 438200 is divided by 145.
10
What is the remainder when 139045 is divided by 182?
179
Calculate the remainder when 41598 is divided by 201.
192
What is the remainder when 138186 is divided by 3543?
9
Calculate the remainder when 3814 is divided by 2969.
845
What is the remainder when 8415 is divided by 27?
18
Calculate the remainder when 231179 is divided by 50.
29
What is the remainder when 61193 is divided by 15298?
1
What is the remainder when 53936 is divided by 13465?
76
Calculate the remainder when 28237 is divided by 4701.
31
What is the remainder when 160772 is divided by 522?
518
What is the remainder when 314 is divided by 273?
41
What is the remainder when 17964 is divided by 17621?
343
Calculate the remainder when 80833 is divided by 476.
389
Calculate the remainder when 40792 is divided by 199.
196
Calculate the remainder when 239271 is divided by 99.
87
What is the remainder when 22656 is divided by 527?
522
What is the remainder when 12005 is divided by 23?
22
Calculate the remainder when 2763 is divided by 93.
66
Calculate the remainder when 56362 is divided by 3126.
94
Calculate the remainder when 11468 is divided by 1272.
20
Calculate the remainder when 27850 is divided by 12.
10
Calculate the remainder when 294448 is divided by 201.
184
What is the remainder when 541438 is divided by 299?
248
What is the remainder when 59105 is divided by 1343?
13
Calculate the remainder when 12738 is divided by 6368.
2
What is the remainder when 905239 is divided by 371?
370
Calculate the remainder when 3807 is divided by 85.
67
Calculate the remainder when 13867 is divided by 1272.
1147
What is the remainder when 3736 is divided by 72?
64
What is the remainder when 46800 is divided by 378?
306
Calculate the remainder when 658 is divided by 324.
10
Calculate the remainder when 63667 is divided by 11.
10
What is the remainder when 2986749 is divided by 919?
918
Calculate the remainder when 2185 is divided by 2150.
35
What is the remainder when 7395 is divided by 185?
180
What is the remainder when 8124 is divided by 1621?
19
Calculate the remainder when 41137 is divided by 113.
5
What is the remainder when 6313 is divided by 2516?
1281
Calculate the remainder when 1166642 is divided by 27.
26
Calculate the remainder when 27188 is divided by 9049.
41
Calculate the remainder when 29663 is divided by 723.
20
Calculate the remainder when 10335 is divided by 10254.
81
What is the remainder when 6063 is divided by 511?
442
What is the remainder when 3105 is divided by 1488?
129
What is the remainder when 40042 is divided by 931?
9
What is the remainder when 12086 is divided by 77?
74
Calculate the remainder when 89867 is divided by 31.
29
Calculate the remainder when 14698 is divided by 588.
586
Calculate the remainder when 65695 is divided by 21895.
10
Calculate the remainder when 17961 is divided by 4485.
21
What is the remainder when 92952 is divided by 24?
0
What is the remainder when 9955 is divided by 9618?
337
Calculate the remainder when 6018 is divided by 231.
12
What is the remainder when 35550 is divided by 19?
1
What is the remainder when 129175 is divided by 1678?
1647
What is the remainder when 74100 is divided by 469?
467
What is the remainder when 33524 is divided by 3724?
8
Calculate the remainder when 47026 is divided by 11728.
114
Calculate the remainder when 5275 is divided by 351.
10
Calculate the remainder when 24227 is divided by 931.
21
Calculate the remainder when 5610 is divided by 839.
576
What is the remainder when 1115 is divided by 37?
5
What is the remainder when 308479 is divided by 2285?
4
What is the remainder when 9863 is divided by 4055?
1753
Calculate the remainder when 61664 is divided by 1989.
5
Calculate the remainder when 1537 is divided by 97.
82
Calculate the remainder when 11621 is divided by 557.
481
What is the remainder when 53852 is divided by 17949?
5
Calculate the remainder when 35091 is divided by 36.
27
What is the remainder when 7474 is divided by 24?
10
What is the remainder when 21672 is divided by 47?
5
Calculate the remainder when 217207 is divided by 180.
127
What is the remainder when 23013 is divided by 658?
641
What is the remainder when 13406 is divided by 30?
26
What is the remainder when 125508 is divided by 498?
12
What is the remainder when 2365 is divided by 566?
101
Calculate the remainder when 61185 is divided by 5.
0
What is the remainder when 11866 is divided by 5933?
0
Calculate the remainder when 226629 is divided by 114.
111
Calculate the remainder when 22911 is divided by 694.
9
What is the remainder when 219339 is divided by 51?
39
What is the remainder when 9403 is divided by 95?
93
Calculate the remainder when 11097 is divided by 2212.
37
Calculate the remainder when 212 is divided by 76.
60
Calculate the remainder when 13520 is divided by 58.
6
What is the remainder when 3240 is divided by 268?
24
What is the remainder when 61740 is divided by 13?
3
Calculate the remainder when 560951 is divided by 280470.
11
What is the remainder when 10818 is divided by 268?
98
What is the remainder when 86694 is divided by 86658?
36
Calculate the remainder when 21221 is divided by 3031.
4
What is the remainder when 2852 is divided by 8?
4
Calculate the remainder when 312465 is divided by 114.
105
What is the remainder when 28679 is divided by 33?
2
Calculate the remainder when 1525647 is divided by 67.
57
What is the remainder when 559381 is divided by 392?
389
What is the remainder when 113669 is divided by 28401?
65
What is the remainder when 4533 is divided by 63?
60
What is the remainder when 41452 is divided by 471?
4
Calculate the remainder when 5175 is divided by 607.
319
What is the remainder when 3040 is divided by 1416?
208
What is the remainder when 5399 is divided by 3?
2
What is the remainder when 82796 is divided by 15?
11
What is the remainder when 652 is divided by 13?
2
What is the remainder when 58372 is divided by 414?
412
Calculate the remainder when 232253 is divided by 382.
379
What is the remainder when 30168 is divided by 106?
64
What is the remainder when 11316 is divided by 153?
147
Calculate the remainder when 18970 is divided by 198.
160
What is the remainder when 2861 is divided by 851?
308
What is the remainder when 3285 is divided by 92?
65
What is the remainder when 10018 is divided by 158?
64
Calculate the remainder when 47957 is divided by 47947.
10
What is the remainder when 1237 is divided by 1204?
33
What is the remainder when 15601 is divided by 306?
301
What is the remainder when 1566545 is divided by 19?
14
What is the remainder when 2179 is divided by 11?
1
Calculate the remainder when 25456 is divided by 8479.
19
Calculate the remainder when 67731 is divided by 16927.
23
Calculate the remainder when 1883656 is divided by 294.
292
What is the remainder when 31164 is divided by 24?
12
What is the remainder when 4187958 is divided by 19?
16
What is the remainder when 1363 is divided by 38?
33
What is the remainder when 23265 is divided by 2905?
25
Calculate the remainder when 2215 is divided by 170.
5
Calculate the remainder when 565 is divided by 115.
105
What is the remainder when 15325 is divided by 158?
157
What is the remainder when 304663 is divided by 560?
23
Calculate the remainder when 2572 is divided by 1815.
757
Calculate the remainder when 67539 is divided by 77.
10
What is the remainder when 98950 is divided by 651?
649
What is the remainder when 9413 is divided by 17?
12
Calculate the remainder when 9101 is divided by 68.
57